 13 = b - 3*v. Calculate the greatest common divisor of 55 and b.
11
Let k be 8*(10/(-65) - 823/(-26)). Suppose 8*y - k = -6*y. What is the highest common factor of 54 and y?
18
Let b be (156/36 - 3)/((-2)/(-288)). Calculate the greatest common factor of b and 80.
16
Suppose 0 = 8*w - 11*w - 297. Let z = w - -105. What is the highest common factor of z and 78?
6
Let k(t) = 2*t**2 - 4*t + 5. Let v be k(2). Suppose -3*a - 6 = -m, 0*m + a + 58 = v*m. Calculate the greatest common factor of 60 and m.
12
Let c(d) = 25*d**3 - d**2 + 3*d - 2. Let i be c(2). Suppose -5*m = -f - i, 5*m + 3*f = 257 - 57. Calculate the highest common factor of m and 360.
40
Suppose 4*y + 48*j - 43*j - 65 = 0, 4*j - 19 = -y. What is the highest common divisor of y and 480?
15
Let f(n) = 7*n - 14. Suppose -18 = -2*m - 0*m. Let j be f(m). What is the greatest common factor of j and 7?
7
Suppose 4*y = -1 + 21. Suppose y*b - 6 = 94. Let k = 359 + -199. What is the greatest common divisor of b and k?
20
Let o = 42 + -30. Let a(d) = d**3 + 11*d**2 - 3*d - 7. Let i be a(-8). Let k = i - 113. What is the greatest common divisor of k and o?
12
Let z be (-25)/2*(-108)/45. Calculate the greatest common divisor of 40 and z.
10
Let h(d) = 2*d - 22. Let g be h(12). Suppose -2*n - 88 = -4*i, -110 = g*i - 7*i + n. Suppose t = -3*t + 132. Calculate the greatest common factor of t and i.
11
Suppose 40 = -4*a - 5*b + b, -2*a + 5*b = 27. Let u be (11/a)/((-1)/(-3)). Let k be (-2)/((-6)/u) + 151. Calculate the greatest common divisor of 60 and k.
30
Suppose y + 2*s + 198 = 5*y, -5*y - 3*s + 264 = 0. Let v = 156 - -63. Let d = v - y. What is the highest common divisor of 24 and d?
24
Let f(y) = y**2 + 5*y + 6. Let x be f(-4). Suppose -4*l = -s - 0 - 17, 2*s + x = 0. Calculate the highest common divisor of l and 10.
2
Suppose -r = d - 22, -2*r - 10 = -d - 0*d. Calculate the highest common divisor of d and 72.
18
Let u be (2/(-6)*3)/1 + 658. Calculate the greatest common factor of 18 and u.
9
Let f(a) = 7 + 2*a + 3*a - 13 + 11 - a**3. Let m be f(-4). Suppose 2*w - m = 15. Calculate the greatest common divisor of w and 16.
16
Let u(j) = -j**2 + 8*j - 10. Let r be u(8). Let h be (-5 + 4)*1 - r. Let m(t) = t**2 - 8*t + 15. Let s be m(6). Calculate the highest common factor of s and h.
3
Suppose -2*s = 3*h + h - 46, -5*h - 5*s = -70. Let t = h - -5. Calculate the highest common factor of t and 28.
14
Let c(i) be the first derivative of i**3/3 - 2*i**2 - 5*i + 5. Let x be c(-5). Calculate the greatest common factor of x and 20.
20
Suppose 61 + 155 = 12*p. What is the highest common divisor of p and 6?
6
Let m(t) = -t**3 + 6*t**2 + 6*t + 9. Let a be m(7). Suppose n - 18 = -a*n. Let f be 32/5 - n/(-10). What is the greatest common factor of f and 56?
7
Let g be 4/(-4)*-31*1 + -1. What is the highest common factor of 6 and g?
6
Let v = 477 - 246. Let d be 31/(((-22)/v)/((-2)/3)). What is the highest common divisor of 31 and d?
31
Let d = -1143 + 1753. Let m = -406 + d. What is the greatest common divisor of m and 12?
12
Let n = -94 + 96. Let d be 1/((-1)/n) + -1 - -123. Calculate the highest common factor of d and 48.
24
Suppose -44*v = -1802 - 398. Calculate the highest common divisor of v and 230.
10
Let a(y) = 10*y + 106. Let j be a(-10). What is the highest common divisor of j and 27?
3
Suppose -11*v + 16*v = 10. Let k be v - 6 - 1*-26. What is the highest common divisor of k and 55?
11
Let c(j) be the second derivative of 8*j**3/3 - 3*j**2 - 13*j. Let q be c(3). What is the greatest common divisor of 6 and q?
6
Let d = 453 - 231. Calculate the highest common divisor of 6 and d.
6
Suppose 0*i = -4*i - 24. Let c be (-66)/14 - i/(-21). Let g = 1 - c. What is the highest common divisor of g and 18?
6
Suppose 18*y - 15*y = 0. Suppose -5*z + z + 20 = y. Suppose 82 = z*g - 8. What is the greatest common factor of 72 and g?
18
Suppose y = 40 + 32. Let d = -114 + 114. Suppose d = 4*l - n - 33, -4*l + 11 + 10 = -5*n. Calculate the greatest common factor of y and l.
9
Let m(i) = 2*i**2 + i + 8. Let u be m(4). Suppose 61*v + 0*v = 21472. What is the greatest common divisor of v and u?
44
Let h(l) = 6*l + 75. Let y be h(-8). What is the greatest common factor of y and 2?
1
Let r be (-18)/12 - (-51)/2. Suppose 107 = 5*s - 2*n - 499, 2*s = 3*n + 249. Calculate the highest common divisor of r and s.
24
Let p be 75/1 - 15/(90/(-24)). Suppose -p*a = -77*a - 20. What is the greatest common divisor of 20 and a?
10
Suppose 5*l = -5*f + 240, -46*l + 42*l = -5*f + 222. What is the highest common factor of f and 207?
23
Let a = 1666 + -1338. Suppose 5*u = 2*b - 6*b + 159, -4*u = -4*b + 168. What is the greatest common factor of a and b?
41
Let h(u) = 4*u**2 - 17*u - 167. Let t be h(-8). Calculate the highest common factor of t and 765.
45
Suppose f + 5*f - 2*f = 0. Suppose -2 = -4*c - 3*u, -2*u = -f*c + 2*c. Calculate the highest common divisor of c and 1.
1
Suppose -292 = 5*h - 67. Let c be (-24)/15*h/6. Let t = -11 - -23. What is the highest common factor of c and t?
12
Suppose 4*q - 708 = -13*z + 10*z, -4*q + z = -724. What is the greatest common divisor of q and 108?
36
Suppose 0 = 4*w - 3*t - 695, -2*w + t + 877 = 3*w. Let s = -71 + w. What is the greatest common divisor of 42 and s?
21
Let u be (-6)/(-15) + 96/10. Suppose -4*f - 1157 = -5*p, p = -4 + 5. Let k be 4/(-14) - f/28. Calculate the greatest common factor of u and k.
10
Suppose -7*q + 10*q - 558 = 0. What is the highest common factor of 124 and q?
62
Let f = -465 + 584. Calculate the highest common factor of 85 and f.
17
Suppose -2835 = 97*i - 106*i. What is the greatest common factor of i and 90?
45
Let j(o) = 3*o - 1. Let q be j(11). Let l be 1 - ((-90)/(-2))/(-3). Let w = q - l. Calculate the highest common divisor of w and 48.
16
Let p(m) = -2*m - 12. Let r be p(-13). Suppose -r = 6*o - 194. What is the greatest common divisor of o and 120?
30
Suppose 0 = u - 0*u - 140. Let n(h) = h**2 - 47*h + 167. Let q be n(44). Calculate the highest common factor of q and u.
35
Let r = 133 + 22. Calculate the greatest common factor of 124 and r.
31
Let x = -11 + 57. Let z = -18 - -74. Suppose -10 = 2*l - z. What is the highest common factor of l and x?
23
Suppose -s = 5*o - 25, 3*s + 3*o - 59 = 4*o. What is the highest common divisor of 180 and s?
20
Let p be 2 + (-3)/(-1) + 0. Let t = 1584 + -1544. Calculate the highest common factor of p and t.
5
Suppose 0 = 9*h - 6*h, -4*h = 5*a - 80. Let p(t) = -5*t - 1. Let o be p(-5). Calculate the greatest common divisor of a and o.
8
Suppose -95*q - 87 = -5*m - 98*q, -2*q - 2 = 0. What is the highest common divisor of 234 and m?
18
Let x = 4644 - 2952. What is the greatest common divisor of x and 94?
94
Suppose -2*l - 1550 = -4*w + 3*l, 4*w + l - 1538 = 0. What is the greatest common divisor of w and 35?
35
Suppose -892*p = -886*p - 1776. Calculate the greatest common divisor of 370 and p.
74
Let n = -97 - -133. What is the highest common factor of 32 and n?
4
Let q(g) = g + 11. Let o be q(-8). Let u(v) = -v**3 + 7*v**2 - 4*v. Let z be u(5). Let b = -15 + z. What is the highest common divisor of o and b?
3
Suppose 526*y - 523*y - 3*z = 183, 3*y - 189 = 5*z. Let m be -33*((-128)/6 + 2). Calculate the greatest common factor of m and y.
58
Suppose -473*q = -479*q + 576. Calculate the greatest common factor of 36 and q.
12
Let a be ((-1)/2)/(3/(-18)). Let w(v) = 6*v - 5. Let c be w(a). Suppose c = 2*p - 2*f - 13, -5*f - 25 = -p. Calculate the greatest common divisor of 2 and p.
2
Let u be (-1)/((15/3)/100). Let g = u - -92. What is the highest common factor of 8 and g?
8
Suppose 5*a + 7481 = 3*q, -2*q = 3*a - 5*q + 4491. Let b be (-2)/(-10) + (-8 - a/25). What is the highest common factor of 78 and b?
26
Suppose 0*w - 96 = -w + t, 5*t - 20 = 0. What is the highest common factor of w and 350?
50
Let s = 128 - 109. Let n be 0 + (-2)/(-1) - -150. Calculate the highest common factor of n and s.
19
Let z(a) be the third derivative of -a**6/10 + a**5/30 + a**4/6 - a**3/6 + 53*a**2. Let w be z(-3). Calculate the greatest common factor of 47 and w.
47
Suppose t - 38 = -2*t - 4*h, 3*h = -3. Let y = -17 - -17. Suppose y = -3*r - 3*k + 75, 3*k + 14 = -5*r + 131. What is the highest common factor of r and t?
7
Let f(c) = -17*c - 9. Let